{"id":1007,"date":"2021-06-07T22:52:17","date_gmt":"2021-06-08T01:52:17","guid":{"rendered":"https:\/\/isp4c-sfe.infd.edu.ar\/sitio\/?page_id=1007"},"modified":"2021-06-07T22:52:17","modified_gmt":"2021-06-08T01:52:17","slug":"plan-de-estudios-4","status":"publish","type":"page","link":"https:\/\/isp4c-sfe.infd.edu.ar\/sitio\/plan-de-estudios-4\/","title":{"rendered":"Plan de Estudios"},"content":{"rendered":"<h2 style=\"text-align: center;\"><span style=\"color: #3366ff;\">Estructura del Plan de Estudios<\/span><\/h2>\n<h3><span style=\"color: #3366ff;\">Duraci\u00f3n: 3 A\u00f1os<\/span><\/h3>\n<p>&nbsp;<\/p>\n<table border=\"1\" width=\"100%\" cellspacing=\"0\" cellpadding=\"0\" align=\"center\">\n<tbody>\n<tr>\n<td>\n<p align=\"center\"><span style=\"color: #3366ff;\"><strong>TECNICATURA SUPERIOR EN ENFERMER\u00cdA (PLAN 2487\/17)<\/strong><\/span><\/p>\n<\/td>\n<\/tr>\n<\/tbody>\n<\/table>\n<p>&nbsp;<\/p>\n<table style=\"height: 1703px;\" border=\"1\" width=\"823\" cellspacing=\"0\" cellpadding=\"0\" align=\"center\">\n<tbody>\n<tr align=\"center\" valign=\"middle\">\n<td align=\"center\" valign=\"middle\"><strong>\u00a0Primer a\u00f1o\u00a0<\/strong><\/td>\n<td align=\"center\" valign=\"middle\"><strong>\u00a0Anual<\/strong><\/td>\n<td align=\"center\" valign=\"middle\"><strong>1<sup>er\u00a0<\/sup>cuat.<\/strong><\/td>\n<td align=\"center\" valign=\"middle\"><strong>2<sup>o<\/sup>\u00a0cuat.<\/strong><\/td>\n<\/tr>\n<tr align=\"center\" valign=\"middle\">\n<td align=\"center\" valign=\"middle\">Salud P\u00fablica<\/td>\n<td align=\"center\" valign=\"middle\">\u2022<\/td>\n<td align=\"center\" valign=\"middle\"><\/td>\n<td align=\"center\" valign=\"middle\"><\/td>\n<\/tr>\n<tr align=\"center\" valign=\"middle\">\n<td align=\"center\" valign=\"middle\">Biolog\u00eda Humana I<\/td>\n<td align=\"center\" valign=\"middle\">\u2022<\/td>\n<td align=\"center\" valign=\"middle\"><\/td>\n<td align=\"center\" valign=\"middle\"><\/td>\n<\/tr>\n<tr align=\"center\" valign=\"middle\">\n<td align=\"center\" valign=\"middle\">Sujeto, Cultura y Sociedad I<\/td>\n<td align=\"center\" valign=\"middle\">\u2022<\/td>\n<td align=\"center\" valign=\"middle\"><\/td>\n<td align=\"center\" valign=\"middle\"><\/td>\n<\/tr>\n<tr align=\"center\" valign=\"middle\">\n<td align=\"center\" valign=\"middle\">Fundamentos del Cuidado de Enfermer\u00eda<\/td>\n<td align=\"center\" valign=\"middle\">\u2022<\/td>\n<td align=\"center\" valign=\"middle\"><\/td>\n<td align=\"center\" valign=\"middle\"><\/td>\n<\/tr>\n<tr align=\"center\" valign=\"middle\">\n<td align=\"center\" valign=\"middle\">Cuidados de Enfermer\u00eda en la Comunidad y en la Familia<\/td>\n<td align=\"center\" valign=\"middle\">\u2022<\/td>\n<td align=\"center\" valign=\"middle\"><\/td>\n<td align=\"center\" valign=\"middle\"><\/td>\n<\/tr>\n<tr align=\"center\" valign=\"middle\">\n<td align=\"center\" valign=\"middle\">Pr\u00e1ctica Profesionalizante I<\/td>\n<td align=\"center\" valign=\"middle\">\u00a0\u2022<\/td>\n<td align=\"center\" valign=\"middle\"><\/td>\n<td align=\"center\" valign=\"middle\"><\/td>\n<\/tr>\n<tr align=\"center\" valign=\"middle\">\n<td align=\"center\" valign=\"middle\">Comunicaci\u00f3n<\/td>\n<td align=\"center\" valign=\"middle\"><\/td>\n<td align=\"center\" valign=\"middle\">\u00a0\u2022<\/td>\n<td align=\"center\" valign=\"middle\"><\/td>\n<\/tr>\n<tr align=\"center\" valign=\"middle\">\n<td align=\"center\" valign=\"middle\">UDI I<\/td>\n<td align=\"center\" valign=\"middle\"><\/td>\n<td align=\"center\" valign=\"middle\"><\/td>\n<td align=\"center\" valign=\"middle\">\u2022<\/td>\n<\/tr>\n<tr align=\"center\" valign=\"middle\">\n<td align=\"center\" valign=\"middle\"><strong>Segundo A\u00f1o<\/strong><\/td>\n<td align=\"center\" valign=\"middle\"><strong>Anual<\/strong><\/td>\n<td align=\"center\" valign=\"middle\"><strong>1<sup>er\u00a0<\/sup>cuat.<\/strong><\/td>\n<td align=\"center\" valign=\"middle\"><strong>1<sup>er\u00a0<\/sup>cuat.<\/strong><\/td>\n<\/tr>\n<tr align=\"center\" valign=\"middle\">\n<td align=\"center\" valign=\"middle\">Problem\u00e1ticas Socio Contempor\u00e1neas<\/td>\n<td align=\"center\" valign=\"middle\"><\/td>\n<td align=\"center\" valign=\"middle\">\u2022<\/td>\n<td align=\"center\" valign=\"middle\"><\/td>\n<\/tr>\n<tr align=\"center\" valign=\"middle\">\n<td align=\"center\" valign=\"middle\">UDI II<\/td>\n<td align=\"center\" valign=\"middle\"><\/td>\n<td align=\"center\" valign=\"middle\"><\/td>\n<td align=\"center\" valign=\"middle\">\u2022<\/td>\n<\/tr>\n<tr align=\"center\" valign=\"middle\">\n<td align=\"center\" valign=\"middle\">Inform\u00e1tica en Salud<\/td>\n<td align=\"center\" valign=\"middle\"><\/td>\n<td align=\"center\" valign=\"middle\">\u2022<\/td>\n<td align=\"center\" valign=\"middle\"><\/td>\n<\/tr>\n<tr align=\"center\" valign=\"middle\">\n<td align=\"center\" valign=\"middle\">Sujeto, Cultura y Sociedad II<\/td>\n<td align=\"center\" valign=\"middle\">\u2022<\/td>\n<td align=\"center\" valign=\"middle\"><\/td>\n<td align=\"center\" valign=\"middle\"><\/td>\n<\/tr>\n<tr align=\"center\" valign=\"middle\">\n<td align=\"center\" valign=\"middle\">Biolog\u00eda Humana II<\/td>\n<td align=\"center\" valign=\"middle\">\u2022<\/td>\n<td align=\"center\" valign=\"middle\"><\/td>\n<td align=\"center\" valign=\"middle\"><\/td>\n<\/tr>\n<tr align=\"center\" valign=\"middle\">\n<td align=\"center\" valign=\"middle\">Bioseguridad y Medio Ambiente en el Trabajo<\/td>\n<td align=\"center\" valign=\"middle\"><\/td>\n<td align=\"center\" valign=\"middle\"><\/td>\n<td align=\"center\" valign=\"middle\">\u2022<\/td>\n<\/tr>\n<tr align=\"center\" valign=\"middle\">\n<td align=\"center\" valign=\"middle\">Farmacolog\u00eda en Enfermer\u00eda<\/td>\n<td style=\"text-align: center;\" align=\"center\" valign=\"middle\">\u2022<\/td>\n<td style=\"text-align: center;\" align=\"center\" valign=\"middle\"><\/td>\n<td style=\"text-align: center;\" align=\"center\" valign=\"middle\"><\/td>\n<\/tr>\n<tr align=\"center\" valign=\"middle\">\n<td align=\"center\" valign=\"middle\">Cuidados de Enfermer\u00eda a los Adultos y a los Adultos Mayores<\/td>\n<td align=\"center\" valign=\"middle\">\u2022<\/td>\n<td align=\"center\" valign=\"middle\"><\/td>\n<td align=\"center\" valign=\"middle\"><\/td>\n<\/tr>\n<tr align=\"center\" valign=\"middle\">\n<td style=\"text-align: center;\" align=\"center\" valign=\"middle\">Pr\u00e1ctica Profesionalizante\u00a0II<\/td>\n<td style=\"text-align: center;\" align=\"center\" valign=\"middle\">\u2022<\/td>\n<td align=\"center\" valign=\"middle\"><\/td>\n<td align=\"center\" valign=\"middle\"><\/td>\n<\/tr>\n<tr align=\"center\" valign=\"middle\">\n<td align=\"center\" valign=\"middle\"><strong>Tercer A\u00f1o<\/strong><\/td>\n<td align=\"center\" valign=\"middle\"><strong>Anual<\/strong><\/td>\n<td align=\"center\" valign=\"middle\"><strong>1<sup>er\u00a0<\/sup>cuat.<\/strong><\/td>\n<td align=\"center\" valign=\"middle\"><strong>2<sup>o<\/sup>\u00a0cuat.<\/strong><\/td>\n<\/tr>\n<tr align=\"center\" valign=\"middle\">\n<td align=\"center\" valign=\"middle\">\u00c9tica y Responsabilidad Social<\/td>\n<td align=\"center\" valign=\"middle\"><\/td>\n<td align=\"center\" valign=\"middle\">\u2022<\/td>\n<td align=\"center\" valign=\"middle\"><\/td>\n<\/tr>\n<tr align=\"center\" valign=\"middle\">\n<td align=\"center\" valign=\"middle\">Derecho y Legislaci\u00f3n Laboral<\/td>\n<td align=\"center\" valign=\"middle\"><\/td>\n<td align=\"center\" valign=\"middle\"><\/td>\n<td align=\"center\" valign=\"middle\">\u2022<\/td>\n<\/tr>\n<tr align=\"center\" valign=\"middle\">\n<td align=\"center\" valign=\"middle\">Ingl\u00e9s T\u00e9cnico<\/td>\n<td align=\"center\" valign=\"middle\"><\/td>\n<td align=\"center\" valign=\"middle\">\u2022<\/td>\n<td align=\"center\" valign=\"middle\"><\/td>\n<\/tr>\n<tr align=\"center\" valign=\"middle\">\n<td align=\"center\" valign=\"middle\">Organizaci\u00f3n y Gesti\u00f3n en Organizaciones de Salud<\/td>\n<td align=\"center\" valign=\"middle\">\u00a0\u2022<\/td>\n<td align=\"center\" valign=\"middle\"><\/td>\n<td align=\"center\" valign=\"middle\"><\/td>\n<\/tr>\n<tr align=\"center\" valign=\"middle\">\n<td align=\"center\" valign=\"middle\">Investigaci\u00f3n en Enfermer\u00eda<\/td>\n<td align=\"center\" valign=\"middle\"><\/td>\n<td align=\"center\" valign=\"middle\">\u2022<\/td>\n<td align=\"center\" valign=\"middle\"><\/td>\n<\/tr>\n<tr align=\"center\" valign=\"middle\">\n<td align=\"center\" valign=\"middle\">Cuidados de Enfermer\u00eda en Salud Mental<\/td>\n<td align=\"center\" valign=\"middle\"><\/td>\n<td align=\"center\" valign=\"middle\"><\/td>\n<td align=\"center\" valign=\"middle\">\u00a0\u2022<\/td>\n<\/tr>\n<tr align=\"center\" valign=\"middle\">\n<td align=\"center\" valign=\"middle\">Cuidados de Enfermer\u00eda al Ni\u00f1o y al Adolescente<\/td>\n<td align=\"center\" valign=\"middle\">\u2022<\/td>\n<td align=\"center\" valign=\"middle\"><\/td>\n<td align=\"center\" valign=\"middle\"><\/td>\n<\/tr>\n<tr align=\"center\" valign=\"middle\">\n<td align=\"center\" valign=\"middle\">Pr\u00e1ctica Profesionalizante III<\/td>\n<td align=\"center\" valign=\"middle\">\u2022<\/td>\n<td align=\"center\" valign=\"middle\"><\/td>\n<td align=\"center\" valign=\"middle\"><\/td>\n<\/tr>\n<\/tbody>\n<\/table>\n","protected":false},"excerpt":{"rendered":"<p>Estructura del Plan de Estudios Duraci\u00f3n: 3 A\u00f1os &nbsp; TECNICATURA SUPERIOR EN ENFERMER\u00cdA (PLAN 2487\/17) &nbsp; \u00a0Primer a\u00f1o\u00a0 \u00a0Anual 1er\u00a0cuat. 2o\u00a0cuat. Salud P\u00fablica \u2022 Biolog\u00eda Humana I \u2022 Sujeto, Cultura y Sociedad I \u2022 Fundamentos del Cuidado de Enfermer\u00eda \u2022 Cuidados de Enfermer\u00eda en la Comunidad y en la Familia \u2022 Pr\u00e1ctica Profesionalizante I \u00a0\u2022 &#8230; <a title=\"Plan de Estudios\" class=\"read-more\" href=\"https:\/\/isp4c-sfe.infd.edu.ar\/sitio\/plan-de-estudios-4\/\" aria-label=\"More on Plan de Estudios\">[+]<\/a><\/p>\n","protected":false},"author":44,"featured_media":0,"parent":0,"menu_order":0,"comment_status":"closed","ping_status":"closed","template":"","meta":[],"acf":[],"_links":{"self":[{"href":"https:\/\/isp4c-sfe.infd.edu.ar\/sitio\/wp-json\/wp\/v2\/pages\/1007"}],"collection":[{"href":"https:\/\/isp4c-sfe.infd.edu.ar\/sitio\/wp-json\/wp\/v2\/pages"}],"about":[{"href":"https:\/\/isp4c-sfe.infd.edu.ar\/sitio\/wp-json\/wp\/v2\/types\/page"}],"author":[{"embeddable":true,"href":"https:\/\/isp4c-sfe.infd.edu.ar\/sitio\/wp-json\/wp\/v2\/users\/44"}],"replies":[{"embeddable":true,"href":"https:\/\/isp4c-sfe.infd.edu.ar\/sitio\/wp-json\/wp\/v2\/comments?post=1007"}],"version-history":[{"count":3,"href":"https:\/\/isp4c-sfe.infd.edu.ar\/sitio\/wp-json\/wp\/v2\/pages\/1007\/revisions"}],"predecessor-version":[{"id":1012,"href":"https:\/\/isp4c-sfe.infd.edu.ar\/sitio\/wp-json\/wp\/v2\/pages\/1007\/revisions\/1012"}],"wp:attachment":[{"href":"https:\/\/isp4c-sfe.infd.edu.ar\/sitio\/wp-json\/wp\/v2\/media?parent=1007"}],"curies":[{"name":"wp","href":"https:\/\/api.w.org\/{rel}","templated":true}]}}

<h2 style="text-align: center;"><span style="color: #3366ff;">Estructura del Plan de Estudios</span></h2>
<h3><span style="color: #3366ff;">Duración: 3 Años</span></h3>
<p>&nbsp;</p>
<table border="1" width="100%" cellspacing="0" cellpadding="0" align="center">
<tbody>
<tr>
<td>
<p align="center"><span style="color: #3366ff;"><strong>TECNICATURA SUPERIOR EN ENFERMERÍA (PLAN 2487/17)</strong></span></p>
</td>
</tr>
</tbody>
</table>
<p>&nbsp;</p>
<table style="height: 1703px;" border="1" width="823" cellspacing="0" cellpadding="0" align="center">
<tbody>
<tr align="center" valign="middle">
<td align="center" valign="middle"><strong> Primer año </strong></td>
<td align="center" valign="middle"><strong> Anual</strong></td>
<td align="center" valign="middle"><strong>1<sup>er </sup>cuat.</strong></td>
<td align="center" valign="middle"><strong>2<sup>o</sup> cuat.</strong></td>
</tr>
<tr align="center" valign="middle">
<td align="center" valign="middle">Salud Pública</td>
<td align="center" valign="middle">•</td>
<td align="center" valign="middle"></td>
<td align="center" valign="middle"></td>
</tr>
<tr align="center" valign="middle">
<td align="center" valign="middle">Biología Humana I</td>
<td align="center" valign="middle">•</td>
<td align="center" valign="middle"></td>
<td align="center" valign="middle"></td>
</tr>
<tr align="center" valign="middle">
<td align="center" valign="middle">Sujeto, Cultura y Sociedad I</td>
<td align="center" valign="middle">•</td>
<td align="center" valign="middle"></td>
<td align="center" valign="middle"></td>
</tr>
<tr align="center" valign="middle">
<td align="center" valign="middle">Fundamentos del Cuidado de Enfermería</td>
<td align="center" valign="middle">•</td>
<td align="center" valign="middle"></td>
<td align="center" valign="middle"></td>
</tr>
<tr align="center" valign="middle">
<td align="center" valign="middle">Cuidados de Enfermería en la Comunidad y en la Familia</td>
<td align="center" valign="middle">•</td>
<td align="center" valign="middle"></td>
<td align="center" valign="middle"></td>
</tr>
<tr align="center" valign="middle">
<td align="center" valign="middle">Práctica Profesionalizante I</td>
<td align="center" valign="middle"> •</td>
<td align="center" valign="middle"></td>
<td align="center" valign="middle"></td>
</tr>
<tr align="center" valign="middle">
<td align="center" valign="middle">Comunicación</td>
<td align="center" valign="middle"></td>
<td align="center" valign="middle"> •</td>
<td align="center" valign="middle"></td>
</tr>
<tr align="center" valign="middle">
<td align="center" valign="middle">UDI I</td>
<td align="center" valign="middle"></td>
<td align="center" valign="middle"></td>
<td align="center" valign="middle">•</td>
</tr>
<tr align="center" valign="middle">
<td align="center" valign="middle"><strong>Segundo Año</strong></td>
<td align="center" valign="middle"><strong>Anual</strong></td>
<td align="center" valign="middle"><strong>1<sup>er </sup>cuat.</strong></td>
<td align="center" valign="middle"><strong>1<sup>er </sup>cuat.</strong></td>
</tr>
<tr align="center" valign="middle">
<td align="center" valign="middle">Problemáticas Socio Contemporáneas</td>
<td align="center" valign="middle"></td>
<td align="center" valign="middle">•</td>
<td align="center" valign="middle"></td>
</tr>
<tr align="center" valign="middle">
<td align="center" valign="middle">UDI II</td>
<td align="center" valign="middle"></td>
<td align="center" valign="middle"></td>
<td align="center" valign="middle">•</td>
</tr>
<tr align="center" valign="middle">
<td align="center" valign="middle">Informática en Salud</td>
<td align="center" valign="middle"></td>
<td align="center" valign="middle">•</td>
<td align="center" valign="middle"></td>
</tr>
<tr align="center" valign="middle">
<td align="center" valign="middle">Sujeto, Cultura y Sociedad II</td>
<td align="center" valign="middle">•</td>
<td align="center" valign="middle"></td>
<td align="center" valign="middle"></td>
</tr>
<tr align="center" valign="middle">
<td align="center" valign="middle">Biología Humana II</td>
<td align="center" valign="middle">•</td>
<td align="center" valign="middle"></td>
<td align="center" valign="middle"></td>
</tr>
<tr align="center" valign="middle">
<td align="center" valign="middle">Bioseguridad y Medio Ambiente en el Trabajo</td>
<td align="center" valign="middle"></td>
<td align="center" valign="middle"></td>
<td align="center" valign="middle">•</td>
</tr>
<tr align="center" valign="middle">
<td align="center" valign="middle">Farmacología en Enfermería</td>
<td style="text-align: center;" align="center" valign="middle">•</td>
<td style="text-align: center;" align="center" valign="middle"></td>
<td style="text-align: center;" align="center" valign="middle"></td>
</tr>
<tr align="center" valign="middle">
<td align="center" valign="middle">Cuidados de Enfermería a los Adultos y a los Adultos Mayores</td>
<td align="center" valign="middle">•</td>
<td align="center" valign="middle"></td>
<td align="center" valign="middle"></td>
</tr>
<tr align="center" valign="middle">
<td style="text-align: center;" align="center" valign="middle">Práctica Profesionalizante II</td>
<td style="text-align: center;" align="center" valign="middle">•</td>
<td align="center" valign="middle"></td>
<td align="center" valign="middle"></td>
</tr>
<tr align="center" valign="middle">
<td align="center" valign="middle"><strong>Tercer Año</strong></td>
<td align="center" valign="middle"><strong>Anual</strong></td>
<td align="center" valign="middle"><strong>1<sup>er </sup>cuat.</strong></td>
<td align="center" valign="middle"><strong>2<sup>o</sup> cuat.</strong></td>
</tr>
<tr align="center" valign="middle">
<td align="center" valign="middle">Ética y Responsabilidad Social</td>
<td align="center" valign="middle"></td>
<td align="center" valign="middle">•</td>
<td align="center" valign="middle"></td>
</tr>
<tr align="center" valign="middle">
<td align="center" valign="middle">Derecho y Legislación Laboral</td>
<td align="center" valign="middle"></td>
<td align="center" valign="middle"></td>
<td align="center" valign="middle">•</td>
</tr>
<tr align="center" valign="middle">
<td align="center" valign="middle">Inglés Técnico</td>
<td align="center" valign="middle"></td>
<td align="center" valign="middle">•</td>
<td align="center" valign="middle"></td>
</tr>
<tr align="center" valign="middle">
<td align="center" valign="middle">Organización y Gestión en Organizaciones de Salud</td>
<td align="center" valign="middle"> •</td>
<td align="center" valign="middle"></td>
<td align="center" valign="middle"></td>
</tr>
<tr align="center" valign="middle">
<td align="center" valign="middle">Investigación en Enfermería</td>
<td align="center" valign="middle"></td>
<td align="center" valign="middle">•</td>
<td align="center" valign="middle"></td>
</tr>
<tr align="center" valign="middle">
<td align="center" valign="middle">Cuidados de Enfermería en Salud Mental</td>
<td align="center" valign="middle"></td>
<td align="center" valign="middle"></td>
<td align="center" valign="middle"> •</td>
</tr>
<tr align="center" valign="middle">
<td align="center" valign="middle">Cuidados de Enfermería al Niño y al Adolescente</td>
<td align="center" valign="middle">•</td>
<td align="center" valign="middle"></td>
<td align="center" valign="middle"></td>
</tr>
<tr align="center" valign="middle">
<td align="center" valign="middle">Práctica Profesionalizante III</td>
<td align="center" valign="middle">•</td>
<td align="center" valign="middle"></td>
<td align="center" valign="middle"></td>
</tr>
</tbody>
</table>

<p>Estructura del Plan de Estudios Duración: 3 Años &nbsp; TECNICATURA SUPERIOR EN ENFERMERÍA (PLAN 2487/17) &nbsp;  Primer año   Anual 1er cuat. 2o cuat. Salud Pública • Biología Humana I • Sujeto, Cultura y Sociedad I • Fundamentos del Cuidado de Enfermería • Cuidados de Enfermería en la Comunidad y en la Familia • Práctica Profesionalizante I  • &#8230; <a title="Plan de Estudios" class="read-more" href="https://isp4c-sfe.infd.edu.ar/sitio/plan-de-estudios-4/" aria-label="More on Plan de Estudios">[+]</a></p>
