{"id":761,"date":"2018-08-31T16:17:42","date_gmt":"2018-08-31T19:17:42","guid":{"rendered":"https:\/\/isp4c-sfe.infd.edu.ar\/sitio\/docentes\/"},"modified":"2020-03-25T20:31:14","modified_gmt":"2020-03-25T23:31:14","slug":"docentes","status":"publish","type":"page","link":"https:\/\/isp4c-sfe.infd.edu.ar\/sitio\/docentes\/","title":{"rendered":"Docentes"},"content":{"rendered":"<h1 style=\"margin: 0cm 0cm 0pt; text-align: center; mso-pagination: none;\"><strong><span style=\"font-size: 11pt;\" data-mce-mark=\"1\"><span style=\"font-family: verdana,geneva;\" data-mce-mark=\"1\"><span style=\"color: #33cccc;\" data-mce-mark=\"1\">Profesorado de Educaci\u00f3n Primaria<\/span><\/span><\/span><\/strong><\/h1>\n<div>\n<table class=\"MsoNormalTable\" style=\"width: 100%; border: 1px outset #999966;\" border=\"1\" cellpadding=\"0\">\n<tbody>\n<tr style=\"mso-yfti-irow: 0; mso-yfti-firstrow: yes;\">\n<td style=\"background: olive; border: #999966; padding: 1.5pt;\">\n<p class=\"MsoNormal\" style=\"text-align: center; line-height: normal; margin: 0cm 6pt 10pt 0cm; mso-margin-top-alt: auto; mso-margin-bottom-alt: auto;\"><strong><span data-mce-mark=\"1\">Docentes<\/span><\/strong><\/p>\n<\/td>\n<\/tr>\n<tr style=\"mso-yfti-irow: 1;\">\n<td style=\"background-color: transparent; border: #999966; padding: 1.5pt;\">\n<table width=\"100%\">\n<tbody>\n<tr>\n<td>\n<p style=\"text-align: center;\">Ahumada, Miguel<\/p>\n<p style=\"text-align: center;\">Arroyo, Ricardo<\/p>\n<\/td>\n<\/tr>\n<tr>\n<td>\n<p style=\"text-align: center;\">Attias, Carolina<\/p>\n<p style=\"text-align: center;\">Balderrama, Marianela<\/p>\n<p style=\"text-align: center;\">Basiluk, Nanci<\/p>\n<p style=\"text-align: center;\">Baz\u00e1n, Diego<\/p>\n<p style=\"text-align: center;\">Brouet, Ver\u00f3nica<\/p>\n<\/td>\n<\/tr>\n<tr>\n<td>\n<p style=\"text-align: center;\">Cardonatti, Marcelo<\/p>\n<\/td>\n<\/tr>\n<tr>\n<td>\n<p style=\"text-align: center;\">Comizzo, Andrea<\/p>\n<p style=\"text-align: center;\">Corti, Sabina<\/p>\n<\/td>\n<\/tr>\n<tr>\n<td>\n<p style=\"text-align: center;\">Galarza, Jos\u00e9<\/p>\n<p style=\"text-align: center;\">Goyochea, Mara<\/p>\n<p style=\"text-align: center;\">Favatier, Ana<\/p>\n<\/td>\n<\/tr>\n<tr>\n<td>\n<p style=\"text-align: center;\">Lopez, Maria Laura<\/p>\n<p style=\"text-align: center;\">L\u00f3pez, Ubaldo<\/p>\n<\/td>\n<\/tr>\n<tr>\n<td>\n<p style=\"text-align: center;\">Milessi, M\u00f3nica<\/p>\n<\/td>\n<\/tr>\n<tr>\n<td>\n<p style=\"text-align: center;\">Morbelli, Estefan\u00eda<\/p>\n<\/td>\n<\/tr>\n<tr>\n<td>\n<p style=\"text-align: center;\">P\u00e9rez, Marcela<\/p>\n<p style=\"text-align: center;\">Ramseyer, Nadia<\/p>\n<p style=\"text-align: center;\">Razinskas, Paula<\/p>\n<p style=\"text-align: center;\">Sancho, Laura<\/p>\n<p style=\"text-align: center;\">Sutter, Emmanuel<\/p>\n<p style=\"text-align: center;\">Velazquez, Paola<\/p>\n<p style=\"text-align: center;\">Villalva, Natalia<\/p>\n<p style=\"text-align: center;\">Vogel, Valeria<\/p>\n<p style=\"text-align: center;\">Zabala, Sara<\/p>\n<p style=\"text-align: center;\">Zord\u00e1n, Ricardo<\/p>\n<\/td>\n<\/tr>\n<\/tbody>\n<\/table>\n<\/td>\n<\/tr>\n<tr style=\"mso-yfti-irow: 14; mso-yfti-lastrow: yes;\">\n<td style=\"background-color: transparent; border: #999966; padding: 1.5pt;\">\n<p class=\"MsoNormal\" style=\"text-align: center; line-height: normal; margin: 0cm 6pt 10pt; mso-margin-top-alt: auto; mso-margin-bottom-alt: auto;\"><span data-mce-mark=\"1\">\u00a0<\/span><\/p>\n<\/td>\n<\/tr>\n<\/tbody>\n<\/table>\n<\/div>\n<p style=\"text-align: center;\"><strong>Tecnicatura Superior en Gesti\u00f3n de las Organizaciones<\/strong><\/p>\n<div>\n<table class=\"MsoNormalTable\" style=\"width: 100%; border: 1px outset #999966; height: 476px;\" border=\"1\" cellpadding=\"0\">\n<tbody>\n<tr style=\"mso-yfti-irow: 0; mso-yfti-firstrow: yes;\">\n<td style=\"background: olive; border: #999966; padding: 1.5pt;\">\n<p class=\"MsoNormal\" style=\"text-align: center; line-height: normal; margin: 0cm 6pt 10pt 0cm; mso-margin-top-alt: auto; mso-margin-bottom-alt: auto;\"><strong>Docentes<\/strong><\/p>\n<\/td>\n<\/tr>\n<tr style=\"mso-yfti-irow: 1;\">\n<td style=\"background-color: transparent; border: #999966; padding: 1.5pt;\">\n<table width=\"100%\">\n<tbody>\n<tr>\n<td>\n<p style=\"text-align: center;\">Acosta Baby, M\u00f3nica<\/p>\n<p style=\"text-align: center;\">Arm\u00faa, Isabel<\/p>\n<p style=\"text-align: center;\">Bais, Natalia<\/p>\n<\/td>\n<\/tr>\n<tr>\n<td><\/td>\n<\/tr>\n<tr>\n<td>\n<p style=\"text-align: center;\">Cialoni, Cristian<\/p>\n<\/td>\n<\/tr>\n<tr>\n<td>\n<p style=\"text-align: center;\">Cialoni, \u00a0Germ\u00e1n<\/p>\n<\/td>\n<\/tr>\n<tr>\n<td>\n<p style=\"text-align: center;\">Fabre, Paola<\/p>\n<\/td>\n<\/tr>\n<tr>\n<td>\n<p style=\"text-align: center;\">Gonz\u00e1lez, Ma. De los \u00c1ngeles<\/p>\n<p style=\"text-align: center;\">L\u00f3pez, Ubaldo<\/p>\n<p style=\"text-align: center;\">Monz\u00f3n, Maira<\/p>\n<p style=\"text-align: center;\">Ochoa, Romina<\/p>\n<\/td>\n<\/tr>\n<tr>\n<td>\n<p style=\"text-align: center;\">Prez, Andr\u00e9s<\/p>\n<p style=\"text-align: center;\">Sacco, Manuel<\/p>\n<p style=\"text-align: center;\">Zorz\u00f3n, J\u00e9sica<\/p>\n<\/td>\n<\/tr>\n<\/tbody>\n<\/table>\n<\/td>\n<\/tr>\n<tr style=\"mso-yfti-irow: 12;\">\n<td style=\"background-color: transparent; border: #999966; padding: 1.5pt;\">\n<p class=\"MsoNormal\" style=\"text-align: center; line-height: normal; margin: 0cm 6pt 10pt; mso-margin-top-alt: auto; mso-margin-bottom-alt: auto;\"><span data-mce-mark=\"1\">\u00a0<\/span><\/p>\n<\/td>\n<\/tr>\n<tr style=\"mso-yfti-irow: 13; mso-yfti-lastrow: yes;\">\n<td style=\"background-color: transparent; border: #999966; padding: 1.5pt;\">\n<p class=\"MsoNormal\" style=\"text-align: center; line-height: normal; margin: 0cm 6pt 10pt; mso-margin-top-alt: auto; mso-margin-bottom-alt: auto;\"><span data-mce-mark=\"1\">\u00a0<\/span><\/p>\n<\/td>\n<\/tr>\n<\/tbody>\n<\/table>\n<\/div>\n<p>&nbsp;<\/p>\n<p style=\"text-align: center;\"><span style=\"color: #339966;\"> <strong>Profesorado de Educaci\u00f3n Secundaria en Biolog\u00eda<\/strong><\/span><\/p>\n<h1><\/h1>\n<div>\n<table class=\"Texto_verdana\" style=\"margin-left: auto; margin-right: auto; width: 100%; height: 569px; background-color: #ffffff;\" border=\"1\" cellpadding=\"0\">\n<tbody>\n<tr>\n<td style=\"text-align: center;\"><span style=\"color: #808000;\"><strong>Docentes<\/strong><\/span><\/td>\n<\/tr>\n<tr>\n<td style=\"text-align: center;\">\n<table width=\"100%\">\n<tbody>\n<tr>\n<td><span style=\"color: #808000;\">Alvarez, Waldo<\/span><\/p>\n<p><span style=\"color: #808000;\">Balderrama, Magal\u00ed<\/span><\/p>\n<p><span style=\"color: #808000;\">Balderrama, Marianela<\/span><\/p>\n<p><span style=\"color: #808000;\">Casco, Mauro<\/span><\/p>\n<p><span style=\"color: #808000;\">Fabre, Paola<\/span><\/p>\n<p><span style=\"color: #808000;\">Galv\u00e1n, Aida<\/span><\/td>\n<\/tr>\n<tr>\n<td><span style=\"color: #808000;\">Goyochea, Mara<\/span><\/p>\n<p><span style=\"color: #808000;\">Favatier, Ana<\/span><\/p>\n<p><span style=\"color: #808000;\">Morbelli, Estefan\u00eda<\/span><\/p>\n<p><span style=\"color: #808000;\">Ramseyer, Nadia<\/span><\/p>\n<p><span style=\"color: #808000;\">Salame, Carla<\/span><\/p>\n<p><span style=\"color: #808000;\">Villalba, Natalia<\/span><\/td>\n<\/tr>\n<\/tbody>\n<\/table>\n<\/td>\n<\/tr>\n<\/tbody>\n<\/table>\n<\/div>\n<p>&nbsp;<\/p>\n<p>&nbsp;<\/p>\n<p>&nbsp;<\/p>\n","protected":false},"excerpt":{"rendered":"<p>Profesorado de Educaci\u00f3n Primaria Docentes Ahumada, Miguel Arroyo, Ricardo Attias, Carolina Balderrama, Marianela Basiluk, Nanci Baz\u00e1n, Diego Brouet, Ver\u00f3nica Cardonatti, Marcelo Comizzo, Andrea Corti, Sabina Galarza, Jos\u00e9 Goyochea, Mara Favatier, Ana Lopez, Maria Laura L\u00f3pez, Ubaldo Milessi, M\u00f3nica Morbelli, Estefan\u00eda P\u00e9rez, Marcela Ramseyer, Nadia Razinskas, Paula Sancho, Laura Sutter, Emmanuel Velazquez, Paola Villalva, Natalia Vogel, &#8230; <a title=\"Docentes\" class=\"read-more\" href=\"https:\/\/isp4c-sfe.infd.edu.ar\/sitio\/docentes\/\" aria-label=\"More on Docentes\">[+]<\/a><\/p>\n","protected":false},"author":55,"featured_media":0,"parent":0,"menu_order":0,"comment_status":"closed","ping_status":"closed","template":"","meta":[],"acf":[],"_links":{"self":[{"href":"https:\/\/isp4c-sfe.infd.edu.ar\/sitio\/wp-json\/wp\/v2\/pages\/761"}],"collection":[{"href":"https:\/\/isp4c-sfe.infd.edu.ar\/sitio\/wp-json\/wp\/v2\/pages"}],"about":[{"href":"https:\/\/isp4c-sfe.infd.edu.ar\/sitio\/wp-json\/wp\/v2\/types\/page"}],"author":[{"embeddable":true,"href":"https:\/\/isp4c-sfe.infd.edu.ar\/sitio\/wp-json\/wp\/v2\/users\/55"}],"replies":[{"embeddable":true,"href":"https:\/\/isp4c-sfe.infd.edu.ar\/sitio\/wp-json\/wp\/v2\/comments?post=761"}],"version-history":[{"count":4,"href":"https:\/\/isp4c-sfe.infd.edu.ar\/sitio\/wp-json\/wp\/v2\/pages\/761\/revisions"}],"predecessor-version":[{"id":806,"href":"https:\/\/isp4c-sfe.infd.edu.ar\/sitio\/wp-json\/wp\/v2\/pages\/761\/revisions\/806"}],"wp:attachment":[{"href":"https:\/\/isp4c-sfe.infd.edu.ar\/sitio\/wp-json\/wp\/v2\/media?parent=761"}],"curies":[{"name":"wp","href":"https:\/\/api.w.org\/{rel}","templated":true}]}}

<h1 style="margin: 0cm 0cm 0pt; text-align: center; mso-pagination: none;"><strong><span style="font-size: 11pt;" data-mce-mark="1"><span style="font-family: verdana,geneva;" data-mce-mark="1"><span style="color: #33cccc;" data-mce-mark="1">Profesorado de Educación Primaria</span></span></span></strong></h1>
<div>
<table class="MsoNormalTable" style="width: 100%; border: 1px outset #999966;" border="1" cellpadding="0">
<tbody>
<tr style="mso-yfti-irow: 0; mso-yfti-firstrow: yes;">
<td style="background: olive; border: #999966; padding: 1.5pt;">
<p class="MsoNormal" style="text-align: center; line-height: normal; margin: 0cm 6pt 10pt 0cm; mso-margin-top-alt: auto; mso-margin-bottom-alt: auto;"><strong><span data-mce-mark="1">Docentes</span></strong></p>
</td>
</tr>
<tr style="mso-yfti-irow: 1;">
<td style="background-color: transparent; border: #999966; padding: 1.5pt;">
<table width="100%">
<tbody>
<tr>
<td>
<p style="text-align: center;">Ahumada, Miguel</p>
<p style="text-align: center;">Arroyo, Ricardo</p>
</td>
</tr>
<tr>
<td>
<p style="text-align: center;">Attias, Carolina</p>
<p style="text-align: center;">Balderrama, Marianela</p>
<p style="text-align: center;">Basiluk, Nanci</p>
<p style="text-align: center;">Bazán, Diego</p>
<p style="text-align: center;">Brouet, Verónica</p>
</td>
</tr>
<tr>
<td>
<p style="text-align: center;">Cardonatti, Marcelo</p>
</td>
</tr>
<tr>
<td>
<p style="text-align: center;">Comizzo, Andrea</p>
<p style="text-align: center;">Corti, Sabina</p>
</td>
</tr>
<tr>
<td>
<p style="text-align: center;">Galarza, José</p>
<p style="text-align: center;">Goyochea, Mara</p>
<p style="text-align: center;">Favatier, Ana</p>
</td>
</tr>
<tr>
<td>
<p style="text-align: center;">Lopez, Maria Laura</p>
<p style="text-align: center;">López, Ubaldo</p>
</td>
</tr>
<tr>
<td>
<p style="text-align: center;">Milessi, Mónica</p>
</td>
</tr>
<tr>
<td>
<p style="text-align: center;">Morbelli, Estefanía</p>
</td>
</tr>
<tr>
<td>
<p style="text-align: center;">Pérez, Marcela</p>
<p style="text-align: center;">Ramseyer, Nadia</p>
<p style="text-align: center;">Razinskas, Paula</p>
<p style="text-align: center;">Sancho, Laura</p>
<p style="text-align: center;">Sutter, Emmanuel</p>
<p style="text-align: center;">Velazquez, Paola</p>
<p style="text-align: center;">Villalva, Natalia</p>
<p style="text-align: center;">Vogel, Valeria</p>
<p style="text-align: center;">Zabala, Sara</p>
<p style="text-align: center;">Zordán, Ricardo</p>
</td>
</tr>
</tbody>
</table>
</td>
</tr>
<tr style="mso-yfti-irow: 14; mso-yfti-lastrow: yes;">
<td style="background-color: transparent; border: #999966; padding: 1.5pt;">
<p class="MsoNormal" style="text-align: center; line-height: normal; margin: 0cm 6pt 10pt; mso-margin-top-alt: auto; mso-margin-bottom-alt: auto;"><span data-mce-mark="1"> </span></p>
</td>
</tr>
</tbody>
</table>
</div>
<p style="text-align: center;"><strong>Tecnicatura Superior en Gestión de las Organizaciones</strong></p>
<div>
<table class="MsoNormalTable" style="width: 100%; border: 1px outset #999966; height: 476px;" border="1" cellpadding="0">
<tbody>
<tr style="mso-yfti-irow: 0; mso-yfti-firstrow: yes;">
<td style="background: olive; border: #999966; padding: 1.5pt;">
<p class="MsoNormal" style="text-align: center; line-height: normal; margin: 0cm 6pt 10pt 0cm; mso-margin-top-alt: auto; mso-margin-bottom-alt: auto;"><strong>Docentes</strong></p>
</td>
</tr>
<tr style="mso-yfti-irow: 1;">
<td style="background-color: transparent; border: #999966; padding: 1.5pt;">
<table width="100%">
<tbody>
<tr>
<td>
<p style="text-align: center;">Acosta Baby, Mónica</p>
<p style="text-align: center;">Armúa, Isabel</p>
<p style="text-align: center;">Bais, Natalia</p>
</td>
</tr>
<tr>
<td></td>
</tr>
<tr>
<td>
<p style="text-align: center;">Cialoni, Cristian</p>
</td>
</tr>
<tr>
<td>
<p style="text-align: center;">Cialoni,  Germán</p>
</td>
</tr>
<tr>
<td>
<p style="text-align: center;">Fabre, Paola</p>
</td>
</tr>
<tr>
<td>
<p style="text-align: center;">González, Ma. De los Ángeles</p>
<p style="text-align: center;">López, Ubaldo</p>
<p style="text-align: center;">Monzón, Maira</p>
<p style="text-align: center;">Ochoa, Romina</p>
</td>
</tr>
<tr>
<td>
<p style="text-align: center;">Prez, Andrés</p>
<p style="text-align: center;">Sacco, Manuel</p>
<p style="text-align: center;">Zorzón, Jésica</p>
</td>
</tr>
</tbody>
</table>
</td>
</tr>
<tr style="mso-yfti-irow: 12;">
<td style="background-color: transparent; border: #999966; padding: 1.5pt;">
<p class="MsoNormal" style="text-align: center; line-height: normal; margin: 0cm 6pt 10pt; mso-margin-top-alt: auto; mso-margin-bottom-alt: auto;"><span data-mce-mark="1"> </span></p>
</td>
</tr>
<tr style="mso-yfti-irow: 13; mso-yfti-lastrow: yes;">
<td style="background-color: transparent; border: #999966; padding: 1.5pt;">
<p class="MsoNormal" style="text-align: center; line-height: normal; margin: 0cm 6pt 10pt; mso-margin-top-alt: auto; mso-margin-bottom-alt: auto;"><span data-mce-mark="1"> </span></p>
</td>
</tr>
</tbody>
</table>
</div>
<p>&nbsp;</p>
<p style="text-align: center;"><span style="color: #339966;"> <strong>Profesorado de Educación Secundaria en Biología</strong></span></p>
<h1></h1>
<div>
<table class="Texto_verdana" style="margin-left: auto; margin-right: auto; width: 100%; height: 569px; background-color: #ffffff;" border="1" cellpadding="0">
<tbody>
<tr>
<td style="text-align: center;"><span style="color: #808000;"><strong>Docentes</strong></span></td>
</tr>
<tr>
<td style="text-align: center;">
<table width="100%">
<tbody>
<tr>
<td><span style="color: #808000;">Alvarez, Waldo</span></p>
<p><span style="color: #808000;">Balderrama, Magalí</span></p>
<p><span style="color: #808000;">Balderrama, Marianela</span></p>
<p><span style="color: #808000;">Casco, Mauro</span></p>
<p><span style="color: #808000;">Fabre, Paola</span></p>
<p><span style="color: #808000;">Galván, Aida</span></td>
</tr>
<tr>
<td><span style="color: #808000;">Goyochea, Mara</span></p>
<p><span style="color: #808000;">Favatier, Ana</span></p>
<p><span style="color: #808000;">Morbelli, Estefanía</span></p>
<p><span style="color: #808000;">Ramseyer, Nadia</span></p>
<p><span style="color: #808000;">Salame, Carla</span></p>
<p><span style="color: #808000;">Villalba, Natalia</span></td>
</tr>
</tbody>
</table>
</td>
</tr>
</tbody>
</table>
</div>
<p>&nbsp;</p>
<p>&nbsp;</p>
<p>&nbsp;</p>

<p>Profesorado de Educación Primaria Docentes Ahumada, Miguel Arroyo, Ricardo Attias, Carolina Balderrama, Marianela Basiluk, Nanci Bazán, Diego Brouet, Verónica Cardonatti, Marcelo Comizzo, Andrea Corti, Sabina Galarza, José Goyochea, Mara Favatier, Ana Lopez, Maria Laura López, Ubaldo Milessi, Mónica Morbelli, Estefanía Pérez, Marcela Ramseyer, Nadia Razinskas, Paula Sancho, Laura Sutter, Emmanuel Velazquez, Paola Villalva, Natalia Vogel, &#8230; <a title="Docentes" class="read-more" href="https://isp4c-sfe.infd.edu.ar/sitio/docentes/" aria-label="More on Docentes">[+]</a></p>
