{"id":777,"date":"2018-08-31T16:17:49","date_gmt":"2018-08-31T19:17:49","guid":{"rendered":"https:\/\/isp4c-sfe.infd.edu.ar\/sitio\/profesorado-en-educacion-primaria\/"},"modified":"2020-03-28T13:10:23","modified_gmt":"2020-03-28T16:10:23","slug":"profesorado-en-educacion-primaria","status":"publish","type":"page","link":"https:\/\/isp4c-sfe.infd.edu.ar\/sitio\/profesorado-en-educacion-primaria\/","title":{"rendered":"Profesorado en Educaci\u00f3n Primaria"},"content":{"rendered":"<div style=\"text-align: center;\">\n<p><span style=\"font-family: Arial; color: #cc6600; font-size: 12pt;\"><strong><span style=\"text-decoration: underline;\">Descripci\u00f3n<\/span><\/strong><\/span><\/p>\n<div style=\"text-align: justify;\"><span style=\"font-size: 10pt;\"><span style=\"font-family: verdana,geneva;\">El Profesorado en Educaci\u00f3n Primaria se propone <span lang=\"ES\" style=\"mso-bidi-font-size: 12.0pt;\">formar futuros docentes con:<\/span> <\/span><\/span><\/div>\n<div style=\"text-align: justify;\">\n<ul>\n<li>\n<div class=\"MsoNormal\" style=\"text-align: justify; margin: 0cm 0cm 0pt;\"><span lang=\"ES\" style=\"font-size: 10pt; mso-bidi-font-size: 12.0pt;\"><span style=\"font-family: verdana,geneva;\"><span style=\"font-size: 10pt;\">s\u00f3lidos conocimientos en lo disciplinar<span style=\"mso-spacerun: yes;\">\u00a0 <\/span>y en lo pedag\u00f3gico-did\u00e1ctico;<\/span><\/span><\/span><\/div>\n<\/li>\n<li>\n<div class=\"MsoNormal\" style=\"text-align: justify; margin: 0cm 0cm 0pt;\"><span lang=\"ES\" style=\"font-size: 10pt; mso-bidi-font-size: 12.0pt;\"><span style=\"font-family: verdana,geneva;\"><span style=\"font-size: 10pt;\">capacidad cr\u00edtica y conciencia \u00e9tica;<\/span><\/span><\/span><\/div>\n<\/li>\n<li>\n<div class=\"MsoNormal\" style=\"text-align: justify; margin: 0cm 0cm 0pt;\"><span lang=\"ES\" style=\"font-size: 10pt; mso-bidi-font-size: 12.0pt;\"><span style=\"font-family: verdana,geneva;\"><span style=\"font-size: 10pt;\">disposici\u00f3n para el autoaprendizaje permanente;<\/span><\/span><\/span><\/div>\n<\/li>\n<li>\n<div class=\"MsoNormal\" style=\"text-align: justify; margin: 0cm 0cm 0pt;\"><span lang=\"ES\" style=\"font-size: 10pt; mso-bidi-font-size: 12.0pt;\"><span style=\"font-family: verdana,geneva;\"><span style=\"font-size: 10pt;\">apertura para la integraci\u00f3n de equipos de trabajo;<\/span><\/span><\/span><\/div>\n<\/li>\n<li>\n<div class=\"MsoNormal\" style=\"text-align: justify; margin: 0cm 0cm 0pt;\"><span lang=\"ES\" style=\"font-size: 10pt; mso-bidi-font-size: 12.0pt;\"><span style=\"font-family: verdana,geneva;\"><span style=\"font-size: 10pt;\">flexibilidad para desempe\u00f1arse en<span style=\"mso-spacerun: yes;\">\u00a0 <\/span>distintas realidades educativas;<\/span><\/span><\/span><\/div>\n<\/li>\n<li>\n<div class=\"MsoNormal\" style=\"text-align: justify; margin: 0cm 0cm 0pt;\"><span lang=\"ES\" style=\"font-size: 10pt; mso-bidi-font-size: 12.0pt;\"><span style=\"font-family: verdana,geneva;\"><span style=\"font-size: 10pt;\">conciencia del valor social del rol docente, fundamentalmente en lo que ata\u00f1e a la formaci\u00f3n de futuros ciudadanos;<\/span><\/span><\/span><\/div>\n<\/li>\n<li>\n<div class=\"MsoNormal\" style=\"text-align: justify; margin: 0cm 0cm 0pt;\"><span lang=\"ES\" style=\"font-size: 10pt; mso-bidi-font-size: 12.0pt;\"><span style=\"font-family: verdana,geneva;\"><span style=\"font-size: 10pt;\">capacidad de asumir una actitud cr\u00edtica frente a la pr\u00e1ctica docente que contribuya a la calidad de la ense\u00f1anza;<\/span><\/span><\/span><\/div>\n<\/li>\n<li>\n<div class=\"MsoNormal\" style=\"text-align: justify; margin: 0cm 0cm 0pt;\"><span lang=\"ES\" style=\"font-size: 10pt; mso-bidi-font-size: 12.0pt;\"><span style=\"font-family: verdana,geneva;\"><span style=\"font-size: 10pt;\">capacidad para atender las demandas de diversidad educativa;<\/span><\/span><\/span><\/div>\n<\/li>\n<li>\n<div class=\"MsoNormal\" style=\"text-align: justify; margin: 0cm 0cm 0pt;\"><span lang=\"ES\" style=\"font-size: 10pt; mso-bidi-font-size: 12.0pt;\"><span style=\"font-family: verdana,geneva;\"><span style=\"font-size: 10pt;\">conocimientos en investigaci\u00f3n y gesti\u00f3n educativa; <\/span><\/span><\/span><\/div>\n<\/li>\n<li>\n<div class=\"MsoNormal\" style=\"text-align: justify; margin: 0cm 0cm 0pt;\"><span lang=\"ES\" style=\"font-size: 10pt; mso-bidi-font-size: 12.0pt;\"><span style=\"font-family: verdana,geneva;\"><span style=\"font-size: 10pt;\">competencias para intervenir como intelectuales cr\u00edticos en el espacio p\u00fablico.<\/span><\/span><\/span><\/div>\n<\/li>\n<\/ul>\n<\/div>\n<div class=\"MsoNormal\" style=\"text-align: justify;\"><span lang=\"ES\"><span style=\"font-family: verdana,geneva;\"><span style=\"font-size: 10pt;\">Nuestros egresados se insertan favorablemente en las instituciones educativas locales destac\u00e1ndose por su deseo de perfeccionamiento permanente.\u00a0<\/span><\/span><\/span><\/div>\n<div class=\"MsoNormal\" style=\"text-align: justify;\"><span style=\"font-family: verdana,geneva;\"><span style=\"font-size: 10pt;\">\u00a0<\/span><\/span><\/div>\n<div class=\"MsoNormal\" style=\"text-align: justify;\"><span style=\"font-family: verdana,geneva;\"><span style=\"font-size: 10pt;\"><span lang=\"ES-MX\">E<\/span><span lang=\"ES\">l intercambio de ideas, el di\u00e1logo permanente,<span style=\"mso-spacerun: yes;\">\u00a0 <\/span>y el trabajo grupal son los pilares de toda la labor que en esta instituci\u00f3n se realiza. Ello favorece la planificaci\u00f3n y concreci\u00f3n de proyectos interinstitucionales que surgen como respuestas a las necesidades emergentes.<\/span><\/span><\/span><\/div>\n<div class=\"MsoNormal\" style=\"text-align: justify;\"><span style=\"font-family: verdana,geneva;\"><span style=\"font-size: 10pt;\"><span lang=\"ES\">\u00a0<\/span><\/span><\/span><\/div>\n<ul>\n<li style=\"text-align: left;\"><strong><span style=\"color: #3366ff;\"><a href=\"https:\/\/isp4c-sfe.infd.edu.ar\/sitio\/regimen-academico-marco\/\"><span style=\"color: #3366ff;\">R\u00e9gimen Acad\u00e9mico Marco\u00a0<\/span><\/a>\u00a0\u00a0<\/span><\/strong><\/li>\n<li style=\"text-align: left;\"><span style=\"color: #3366ff; font-family: arial, helvetica, sans-serif; font-size: 12pt;\"><span lang=\"ES\"><strong><span style=\"text-decoration: underline;\"><a style=\"color: #3366ff; text-decoration: underline;\" title=\"Plan de estudios\" href=\"index.cgi?wid_item=4&amp;wid_seccion=2\">Conoc\u00e9 el Plan de Estudios\u00a0<\/a><\/span><\/strong><\/span><\/span><\/li>\n<li style=\"text-align: left;\"><a href=\"https:\/\/isp4c-sfe.infd.edu.ar\/sitio\/diseno-curricular\/\"><strong><span style=\"color: #3366ff;\">Dise\u00f1o Curricular\u00a0<\/span><\/strong><\/a><\/li>\n<li style=\"text-align: left;\"><span style=\"color: #3366ff; text-decoration: underline;\"><strong><span style=\"font-family: arial,helvetica,sans-serif; font-size: 12pt;\"><a style=\"color: #3366ff; text-decoration: underline;\" title=\"Pedido de Informaci\u00f3n\" href=\"index.cgi?wid_form=1&amp;wid_item=5&amp;wid_seccion=2\">Pedido de Informaci\u00f3n<\/a><\/span><\/strong><\/span><\/li>\n<li style=\"text-align: left;\"><span style=\"color: #3366ff; text-decoration: underline;\"><strong><span style=\"font-family: arial,helvetica,sans-serif; font-size: 12pt;\"><a style=\"color: #3366ff; text-decoration: underline;\" title=\"Solicitud de Preinscripci\u00f3n\" href=\"index.cgi?wid_form=2&amp;wid_item=11&amp;wid_seccion=2\">Formulario de Preinscripci\u00f3n<\/a><\/span><\/strong><\/span><\/li>\n<\/ul>\n<p>&nbsp;<\/p>\n<p style=\"text-align: center;\"><strong><em><a title=\"Carreras\" href=\"index.cgi?wid_seccion=17\">Volver al inicio <\/a><\/em><\/strong><\/p>\n<\/div>\n","protected":false},"excerpt":{"rendered":"<p>Descripci\u00f3n El Profesorado en Educaci\u00f3n Primaria se propone formar futuros docentes con: s\u00f3lidos conocimientos en lo disciplinar\u00a0 y en lo pedag\u00f3gico-did\u00e1ctico; capacidad cr\u00edtica y conciencia \u00e9tica; disposici\u00f3n para el autoaprendizaje permanente; apertura para la integraci\u00f3n de equipos de trabajo; flexibilidad para desempe\u00f1arse en\u00a0 distintas realidades educativas; conciencia del valor social del rol docente, fundamentalmente en &#8230; <a title=\"Profesorado en Educaci\u00f3n Primaria\" class=\"read-more\" href=\"https:\/\/isp4c-sfe.infd.edu.ar\/sitio\/profesorado-en-educacion-primaria\/\" aria-label=\"More on Profesorado en Educaci\u00f3n Primaria\">[+]<\/a><\/p>\n","protected":false},"author":55,"featured_media":0,"parent":0,"menu_order":0,"comment_status":"closed","ping_status":"closed","template":"","meta":[],"acf":[],"_links":{"self":[{"href":"https:\/\/isp4c-sfe.infd.edu.ar\/sitio\/wp-json\/wp\/v2\/pages\/777"}],"collection":[{"href":"https:\/\/isp4c-sfe.infd.edu.ar\/sitio\/wp-json\/wp\/v2\/pages"}],"about":[{"href":"https:\/\/isp4c-sfe.infd.edu.ar\/sitio\/wp-json\/wp\/v2\/types\/page"}],"author":[{"embeddable":true,"href":"https:\/\/isp4c-sfe.infd.edu.ar\/sitio\/wp-json\/wp\/v2\/users\/55"}],"replies":[{"embeddable":true,"href":"https:\/\/isp4c-sfe.infd.edu.ar\/sitio\/wp-json\/wp\/v2\/comments?post=777"}],"version-history":[{"count":6,"href":"https:\/\/isp4c-sfe.infd.edu.ar\/sitio\/wp-json\/wp\/v2\/pages\/777\/revisions"}],"predecessor-version":[{"id":839,"href":"https:\/\/isp4c-sfe.infd.edu.ar\/sitio\/wp-json\/wp\/v2\/pages\/777\/revisions\/839"}],"wp:attachment":[{"href":"https:\/\/isp4c-sfe.infd.edu.ar\/sitio\/wp-json\/wp\/v2\/media?parent=777"}],"curies":[{"name":"wp","href":"https:\/\/api.w.org\/{rel}","templated":true}]}}

Profesorado en Educación Primaria

<div style="text-align: center;">
<p><span style="font-family: Arial; color: #cc6600; font-size: 12pt;"><strong><span style="text-decoration: underline;">Descripción</span></strong></span></p>
<div style="text-align: justify;"><span style="font-size: 10pt;"><span style="font-family: verdana,geneva;">El Profesorado en Educación Primaria se propone <span lang="ES" style="mso-bidi-font-size: 12.0pt;">formar futuros docentes con:</span> </span></span></div>
<div style="text-align: justify;">
<ul>
<li>
<div class="MsoNormal" style="text-align: justify; margin: 0cm 0cm 0pt;"><span lang="ES" style="font-size: 10pt; mso-bidi-font-size: 12.0pt;"><span style="font-family: verdana,geneva;"><span style="font-size: 10pt;">sólidos conocimientos en lo disciplinar<span style="mso-spacerun: yes;">  </span>y en lo pedagógico-didáctico;</span></span></span></div>
</li>
<li>
<div class="MsoNormal" style="text-align: justify; margin: 0cm 0cm 0pt;"><span lang="ES" style="font-size: 10pt; mso-bidi-font-size: 12.0pt;"><span style="font-family: verdana,geneva;"><span style="font-size: 10pt;">capacidad crítica y conciencia ética;</span></span></span></div>
</li>
<li>
<div class="MsoNormal" style="text-align: justify; margin: 0cm 0cm 0pt;"><span lang="ES" style="font-size: 10pt; mso-bidi-font-size: 12.0pt;"><span style="font-family: verdana,geneva;"><span style="font-size: 10pt;">disposición para el autoaprendizaje permanente;</span></span></span></div>
</li>
<li>
<div class="MsoNormal" style="text-align: justify; margin: 0cm 0cm 0pt;"><span lang="ES" style="font-size: 10pt; mso-bidi-font-size: 12.0pt;"><span style="font-family: verdana,geneva;"><span style="font-size: 10pt;">apertura para la integración de equipos de trabajo;</span></span></span></div>
</li>
<li>
<div class="MsoNormal" style="text-align: justify; margin: 0cm 0cm 0pt;"><span lang="ES" style="font-size: 10pt; mso-bidi-font-size: 12.0pt;"><span style="font-family: verdana,geneva;"><span style="font-size: 10pt;">flexibilidad para desempeñarse en<span style="mso-spacerun: yes;">  </span>distintas realidades educativas;</span></span></span></div>
</li>
<li>
<div class="MsoNormal" style="text-align: justify; margin: 0cm 0cm 0pt;"><span lang="ES" style="font-size: 10pt; mso-bidi-font-size: 12.0pt;"><span style="font-family: verdana,geneva;"><span style="font-size: 10pt;">conciencia del valor social del rol docente, fundamentalmente en lo que atañe a la formación de futuros ciudadanos;</span></span></span></div>
</li>
<li>
<div class="MsoNormal" style="text-align: justify; margin: 0cm 0cm 0pt;"><span lang="ES" style="font-size: 10pt; mso-bidi-font-size: 12.0pt;"><span style="font-family: verdana,geneva;"><span style="font-size: 10pt;">capacidad de asumir una actitud crítica frente a la práctica docente que contribuya a la calidad de la enseñanza;</span></span></span></div>
</li>
<li>
<div class="MsoNormal" style="text-align: justify; margin: 0cm 0cm 0pt;"><span lang="ES" style="font-size: 10pt; mso-bidi-font-size: 12.0pt;"><span style="font-family: verdana,geneva;"><span style="font-size: 10pt;">capacidad para atender las demandas de diversidad educativa;</span></span></span></div>
</li>
<li>
<div class="MsoNormal" style="text-align: justify; margin: 0cm 0cm 0pt;"><span lang="ES" style="font-size: 10pt; mso-bidi-font-size: 12.0pt;"><span style="font-family: verdana,geneva;"><span style="font-size: 10pt;">conocimientos en investigación y gestión educativa; </span></span></span></div>
</li>
<li>
<div class="MsoNormal" style="text-align: justify; margin: 0cm 0cm 0pt;"><span lang="ES" style="font-size: 10pt; mso-bidi-font-size: 12.0pt;"><span style="font-family: verdana,geneva;"><span style="font-size: 10pt;">competencias para intervenir como intelectuales críticos en el espacio público.</span></span></span></div>
</li>
</ul>
</div>
<div class="MsoNormal" style="text-align: justify;"><span lang="ES"><span style="font-family: verdana,geneva;"><span style="font-size: 10pt;">Nuestros egresados se insertan favorablemente en las instituciones educativas locales destacándose por su deseo de perfeccionamiento permanente. </span></span></span></div>
<div class="MsoNormal" style="text-align: justify;"><span style="font-family: verdana,geneva;"><span style="font-size: 10pt;"> </span></span></div>
<div class="MsoNormal" style="text-align: justify;"><span style="font-family: verdana,geneva;"><span style="font-size: 10pt;"><span lang="ES-MX">E</span><span lang="ES">l intercambio de ideas, el diálogo permanente,<span style="mso-spacerun: yes;">  </span>y el trabajo grupal son los pilares de toda la labor que en esta institución se realiza. Ello favorece la planificación y concreción de proyectos interinstitucionales que surgen como respuestas a las necesidades emergentes.</span></span></span></div>
<div class="MsoNormal" style="text-align: justify;"><span style="font-family: verdana,geneva;"><span style="font-size: 10pt;"><span lang="ES"> </span></span></span></div>
<ul>
<li style="text-align: left;"><strong><span style="color: #3366ff;"><a href="https://isp4c-sfe.infd.edu.ar/sitio/regimen-academico-marco/"><span style="color: #3366ff;">Régimen Académico Marco </span></a>  </span></strong></li>
<li style="text-align: left;"><span style="color: #3366ff; font-family: arial, helvetica, sans-serif; font-size: 12pt;"><span lang="ES"><strong><span style="text-decoration: underline;"><a style="color: #3366ff; text-decoration: underline;" title="Plan de estudios" href="index.cgi?wid_item=4&amp;wid_seccion=2">Conocé el Plan de Estudios </a></span></strong></span></span></li>
<li style="text-align: left;"><a href="https://isp4c-sfe.infd.edu.ar/sitio/diseno-curricular/"><strong><span style="color: #3366ff;">Diseño Curricular </span></strong></a></li>
<li style="text-align: left;"><span style="color: #3366ff; text-decoration: underline;"><strong><span style="font-family: arial,helvetica,sans-serif; font-size: 12pt;"><a style="color: #3366ff; text-decoration: underline;" title="Pedido de Información" href="index.cgi?wid_form=1&amp;wid_item=5&amp;wid_seccion=2">Pedido de Información</a></span></strong></span></li>
<li style="text-align: left;"><span style="color: #3366ff; text-decoration: underline;"><strong><span style="font-family: arial,helvetica,sans-serif; font-size: 12pt;"><a style="color: #3366ff; text-decoration: underline;" title="Solicitud de Preinscripción" href="index.cgi?wid_form=2&amp;wid_item=11&amp;wid_seccion=2">Formulario de Preinscripción</a></span></strong></span></li>
</ul>
<p>&nbsp;</p>
<p style="text-align: center;"><strong><em><a title="Carreras" href="index.cgi?wid_seccion=17">Volver al inicio </a></em></strong></p>
</div>

<p>Descripción El Profesorado en Educación Primaria se propone formar futuros docentes con: sólidos conocimientos en lo disciplinar  y en lo pedagógico-didáctico; capacidad crítica y conciencia ética; disposición para el autoaprendizaje permanente; apertura para la integración de equipos de trabajo; flexibilidad para desempeñarse en  distintas realidades educativas; conciencia del valor social del rol docente, fundamentalmente en &#8230; <a title="Profesorado en Educación Primaria" class="read-more" href="https://isp4c-sfe.infd.edu.ar/sitio/profesorado-en-educacion-primaria/" aria-label="More on Profesorado en Educación Primaria">[+]</a></p>
